+ -8). Suppose -l*j - 30 = -13*j. Is 5 a factor of j?
True
Let v = 298 + -153. Is 29 a factor of v?
True
Suppose -4*g - 11 - 3 = -c, -15 = 5*g. Suppose w = -c*w + 5*d + 89, 2*w = -5*d + 76. Is w a multiple of 11?
True
Let f(r) = r**2 + 6*r - 2. Let x be f(-7). Let u = 6 - x. Suppose -b + 10 = -u. Is b a multiple of 2?
False
Suppose -5*i = -4*b + 18, b + b - 6 = i. Suppose 5*z = -b*z. Suppose z = -s - 1, -s + 5*s - 148 = -2*p. Is 19 a factor of p?
True
Let h(y) = -96*y - 44. Let p be h(-8). Suppose -4*v = -4*s + p, -s - 76 + 245 = 5*v. Is s a multiple of 30?
False
Let w = 148 + -106. Does 3 divide w?
True
Let x be (0 - -2) + (-4 - -3). Let b be (24/30)/(x/5). Suppose -51 = -b*a + a. Is a a multiple of 11?
False
Let u = 13 + -6. Let s = -7 + u. Suppose s = -3*q - 0*q + 126. Is 11 a factor of q?
False
Let v(b) = b**2 + 2*b + 4. Let s be v(-4). Let a = s + -9. Suppose a*l = -5*k + 15, l - 2*k = -3*k + 5. Does 3 divide l?
False
Let f = 41 + -6. Is (0 - 49)*(-30)/f a multiple of 21?
True
Suppose 4*d = 74 + 114. Suppose 3*f - 27 = -3*w, 4*f + 4*w = -f + d. Does 3 divide f?
False
Let w(p) = p**3 - 13*p + 302. Does 35 divide w(0)?
False
Let d(b) be the third derivative of -b**4/12 - 5*b**3/6 + b**2. Is d(-16) a multiple of 15?
False
Let t be ((-748)/12 - 1)*-3. Let c = 583 - t. Does 57 divide c?
False
Suppose -6*z = -305 - 1333. Is z a multiple of 39?
True
Let x(f) be the second derivative of 13*f**3/6 - 21*f**2/2 + 40*f. Is 48 a factor of x(9)?
True
Let l(v) = 140*v**2 + 46*v - 162. Is 29 a factor of l(4)?
True
Does 6 divide -4 - -10*(-39)/(-3)?
True
Let s(g) = -9*g. Let l be s(1). Let a = l - 11. Let r = -7 - a. Is r a multiple of 10?
False
Let x(o) = -17*o. Let p be (-1 + 0)/((-2)/(-6)). Does 17 divide x(p)?
True
Suppose -4*k - 22 - 10 = -4*m, 5*k = -2*m - 5. Is 77/(-12)*k - (-12)/16 a multiple of 10?
True
Suppose l + s = -s + 6, -4*s = -4*l + 48. Suppose -l*d - 2*d + 732 = 0. Is d a multiple of 4?
False
Suppose -12 = 2*a - 4*a. Let l be (-16)/12 - 4/a. Let x = 18 - l. Is x a multiple of 4?
True
Let t(b) = b**3 - 9*b**2 + 26*b - 23. Is 16 a factor of t(8)?
False
Let x be -1*(-12 - -1) + -7 + 5. Suppose 192 = -x*q + 13*q. Is 12 a factor of q?
True
Let v = 1305 + -885. Suppose -6*l = -l - v. Let z = l - 39. Is 22 a factor of z?
False
Let m = -13 - -18. Suppose -4*k = -p - 143, k + m*p - 20 = -0*k. Does 14 divide k?
False
Suppose 107 = -3*q + 851. Suppose q + 147 = 5*t. Let y = t + -27. Is y a multiple of 17?
False
Suppose 0*m = 5*m + 4*n - 2526, -2*n + 1516 = 3*m. Suppose 10*c - m = 454. Is c a multiple of 6?
True
Let z be 31*14 + 0/5. Suppose -110 = -x - h - 25, -5*x + z = 2*h. Is x a multiple of 22?
True
Let u(i) = 4*i**3 - 19*i**2 + 31*i - 8. Is 8 a factor of u(9)?
True
Suppose -77 = -5*t + 4*m + 206, t + 5*m = 45. Suppose t = 3*z - 4*i - 58, -5*i + 20 = 0. Suppose -3*n - 4*q + z = 6, n - 23 = -4*q. Is 3 a factor of n?
False
Is 7 a factor of (153 + (-1 - -7) + -1)*2?
False
Let x = 13 + -2. Suppose z - x - 3 = 0. Is z a multiple of 3?
False
Suppose -5 = -b - 4*b. Let x(c) = c - 4. Let q be x(12). Is ((-15)/(-12))/(b/q) a multiple of 5?
True
Suppose -74*a + 86*a = 4992. Does 16 divide a?
True
Let l(a) = -a**2 - 8*a + 23. Let h be l(-10). Suppose -6*n + 486 = h*n. Is n a multiple of 12?
False
Suppose 0 = 5*i + 3*l - 37, 3*i - 6*i = 5*l - 35. Suppose 25 = i*k - 85. Is k a multiple of 22?
True
Suppose -4*l + 5*s = -3, 10*s + 3 = -4*l + 13*s. Let t(g) = -7*g + 2*g - 18*g. Does 13 divide t(l)?
False
Let n be (0 + 2)*(4 - 5). Let a(z) = -13*z + 2. Does 5 divide a(n)?
False
Let l(m) = 16*m**2 + 26*m**2 + 3 - 41*m**2. Let b be (-4)/(-1 - 10/(-6)). Is 20 a factor of l(b)?
False
Let n(u) = u**2 - 2*u + 2. Let m be n(2). Suppose 0 = -2*c - m*i + 168, c - 2*c = -4*i - 84. Is c a multiple of 14?
True
Suppose -5*d - 1740 = -10*d + 3*r, -d + 4*r + 365 = 0. Is 28 a factor of d?
False
Is 20 a factor of (-38)/(-171) - (-4244)/18?
False
Suppose 2*f - 63*h - 3120 = -66*h, -6240 = -4*f + 3*h. Does 13 divide f?
True
Let n be 2/(-6) + 685/15*2. Let u = -14 + n. Is 7 a factor of u?
True
Suppose 13*v = 16*v - 6. Let g be -2 - ((-8)/2 - 2). Is ((-7)/g)/(v/(-16)) a multiple of 7?
True
Let b(s) = -2*s - 2*s**2 + 6*s + 17 - 2*s. Suppose -4*r = 2*r. Does 15 divide b(r)?
False
Let h be 120 - (0 + (-3)/(-1)). Let y = -27 + h. Suppose 0*x + 5*x = -3*r + y, -5*x = -3*r + 60. Is 12 a factor of r?
False
Let l = 231 - 139. Is 2/((-40)/(-15))*l a multiple of 13?
False
Suppose -12 = 3*j, -4*a - 4*j + j = 0. Let t(y) = -4 - 1 - 4 - y**a - 5*y**2 - y + 6. Is 2 a factor of t(-5)?
True
Suppose 74*i - 6006 = 60*i. Is 13 a factor of i?
True
Let d(r) = r**2 - 16*r + 12. Let j(x) = -x + 40. Let a be j(24). Does 6 divide d(a)?
True
Suppose 9*w - 8400 = 5*w. Is w a multiple of 100?
True
Suppose -1068 = -2*q - 2*n, -2*n - 1422 - 155 = -3*q. Is q a multiple of 4?
False
Let g(m) = 9*m**3 + 3*m**2 + 7*m - 2. Let s(a) = 8*a**3 + 2*a**2 + 6*a - 2. Let c(z) = -6*g(z) + 7*s(z). Let i be c(3). Is i/(3 + -7)*-8 a multiple of 10?
False
Let x(g) be the first derivative of g**2/2 - 2*g - 4. Let n be x(1). Is 18 - (2 + n + -2) a multiple of 16?
False
Suppose 8*k - 2130 = 3*k. Let v = -288 + k. Does 23 divide v?
True
Let j(c) = -81*c**3 - c**2 + c + 2. Let p be j(-1). Does 44 divide 2/(-2) + 14 + p?
False
Let n(h) = h**3 + 7*h**2 + 4*h - 12. Let x be n(-6). Suppose 3*v - 7*v = x. Suppose 0 = -2*s + 8, v = -5*d - 2*s + 305 + 3. Does 20 divide d?
True
Suppose -2*z - 442 = -5*r, 0 = -2*r + 5*r + 5*z - 259. Suppose 2*b = 24 + r. Is 27 a factor of b?
False
Let i be 0/11 + -37*(2 - 1). Let x = -25 - i. Is x a multiple of 12?
True
Let x(w) = 3*w**2 - w + 1. Let h be x(1). Suppose -a + 104 = h*a. Is 13 a factor of a?
True
Let s = -522 - -1683. Does 43 divide s?
True
Suppose 343 = 4*b + 10*v - 15*v, -v = 3*b - 281. Suppose 3*s = -s + b. Is s a multiple of 4?
False
Suppose -44 + 4 = -5*i - 4*k, 11 = 4*i - k. Let g be (-6)/9 - (-50)/3. Suppose 3*t + l - g = 18, 72 = 4*t - i*l. Is 5 a factor of t?
False
Let b(x) = 2*x**2 + 9*x - 4. Let s = -3 - 4. Let t be b(s). Suppose t = -5*f + 181. Is 5 a factor of f?
True
Suppose -5*s = z - 7*s - 225, -2*z = -5*s - 447. Does 22 divide z?
False
Suppose 4*u - 43 = 3*h, 0*h - 2 = -u - h. Let j = u + 7. Let m = 24 - j. Does 3 divide m?
False
Suppose 0 = c + 1 - 3. Suppose c*d + 74 = -3*d - 4*a, -3*d - 3*a - 42 = 0. Is 14 a factor of (-7)/(21/8)*d?
False
Let w(d) = -5*d + 2*d - 2*d**2 + 4*d + 65 + d**2. Let a be w(0). Suppose 3*o - a = -17. Is o a multiple of 4?
True
Let v(w) = 43*w + 316. Does 83 divide v(4)?
False
Let l = -83 - -86. Suppose -176 = -l*r + 127. Is 7 a factor of r?
False
Let q(v) = 13*v. Let w be q(7). Suppose w = 10*u - 1989. Is u a multiple of 52?
True
Let g be ((-3)/(9/(-26)))/(8/12). Suppose -179 = -g*q + 614. Does 8 divide q?
False
Let m(y) be the first derivative of y**4/2 + 18*y + 3. Does 7 divide m(0)?
False
Let c be (-3)/(2 - -1) - 3. Let y = c + 4. Suppose 3*a - 12 = -y. Does 2 divide a?
True
Let r(g) = -56*g**3 - 8*g**2 + 9*g**2 + 0 + 15*g**3 + 1 + g. Is 13 a factor of r(-1)?
False
Let h = 699 + -425. Does 7 divide h?
False
Let o be 6*1/6*3. Suppose -5*w + 37 + 1 = o*m, 0 = 2*m - 2. Is (6 - 6/2) + w a multiple of 5?
True
Suppose -2*o - 3*o + 145 = 0. Let q = 118 - 91. Let g = q + o. Is 14 a factor of g?
True
Let m(g) = 25*g + 1. Is 10 a factor of m(2)?
False
Let z(n) = 2*n**2 - 9 - 2*n + n**3 + 7*n**2 + 7*n. Suppose 7*q = -9*q - 128. Does 7 divide z(q)?
False
Let i = -283 - -1042. Does 69 divide i?
True
Let m(w) = 136*w**2 + 2*w + 9. Let p be m(-2). Let s = -293 + p. Is 64 a factor of s?
True
Let t(m) = -4*m + 6*m + 135 - 126. Let w be t(5). Suppose f = -w + 55. Is 10 a factor of f?
False
Let y(d) = 210*d**2 + d. Suppose 4*p = 2*k + 4, 6*p + 3*k - 4 = 2*p. Is 33 a factor of y(p)?
False
Let q be 16 + (-3 + 6)/(-3). Suppose -57 = -q*s + 14*s. Does 13 divide s?
False
Let b = 320 + -167. Is 4 a factor of b?
False
Let y(z) = -11 + z**2 + 3*z - 2*z**2 + 3*z + 3*z**2. Is 23 a factor of y(-8)?
True
Let f(p) = -2*p - 2*p - 2*p - 5 + 2. Let a = -6 - -2. Does 14 divide f(a)?
False
Let y(v) = 466*v**2 - 69*v + 134. Is y(2) a multiple of 10?
True
Let k(g) = -g**3 + 14*g**2 + 14*g + 17. Let x = 6 + 9. Let w be k(x). Suppose 72 = -q + w*q. Does 16 divide q?
False
Let g = -29